36 = 5*w - 184. Suppose -w = -2*b - 2*b. Let q = -170 - -291. Calculate the greatest common divisor of q and b.
11
Let v(j) = -j**2 - 12*j + 7. Let b be v(-12). Calculate the highest common divisor of b and 28.
7
Let p(a) = -2*a - 2. Let k be p(-2). Suppose t + k*t = 117. What is the highest common factor of 13 and t?
13
Let r = 307 - 181. Calculate the greatest common factor of r and 14.
14
Let q(p) = -7*p + 1. Let h be q(-9). Let u be ((-6)/4)/((-12)/h). Calculate the highest common divisor of u and 56.
8
Let u be -1 + (2/1 - 0). Let i(m) = 4*m**2 - 1. Let a be i(u). Calculate the greatest common factor of 15 and a.
3
Let p = 71 + -3. Suppose -3*y - 5 = 2*y. Let c be 1*(y - 2) - -20. What is the highest common factor of c and p?
17
Suppose 5*w - 209 = -3*a, -34 = 2*w - 3*w + 2*a. Suppose t = 100 + w. What is the greatest common divisor of t and 20?
20
Let a be (-1496)/(-9) + 2/(-9). Suppose 2*k + 4*t - a = 0, 0*t - 4*t - 4 = 0. Let w(j) = j + 24. Let h be w(-7). What is the greatest common factor of k and h?
17
Suppose 3*f = -0*f. Let y(q) = q**3 + q**2 + 7. Let o be y(f). Calculate the highest common divisor of o and 35.
7
Let w(v) = -v + 31. Let r be w(7). Suppose 3*a + 18 = -0*a. Let o(q) = -q + 6. Let i be o(a). What is the highest common factor of i and r?
12
Suppose -3*d - 46 = -4*v + 7, 4*v - 2*d - 54 = 0. Let s be (-7)/(-49) + 838/v. What is the greatest common divisor of s and 24?
12
Let u(g) = g**2 - 10*g + 15. Let v be 1 + 6*6/4. Let k be u(v). What is the greatest common factor of k and 6?
3
Let l = 6 - -4. Suppose 4*t - 4*y = 8, 6*y - y + l = -2*t. Let h(w) = -w + 24. Let g be h(t). Calculate the highest common divisor of g and 3.
3
Let m be (-1 + 0)/((-17)/119). Calculate the greatest common divisor of 7 and m.
7
Let b = 17 + -6. What is the highest common divisor of 99 and b?
11
Let n(c) = -c**2 + 11*c + 13. Let r be n(12). Let k be (-18)/(-12)*(r + 67). Calculate the highest common factor of 17 and k.
17
Suppose 2*o = -3 + 1. Let z be 1 - ((o - 38) + 2). What is the highest common divisor of z and 57?
19
Let b = 21 - -19. Calculate the greatest common divisor of 16 and b.
8
Suppose -2*p + 32 = 2*p. Suppose 2*g = 3*g - p. Let s = -22 + 30. Calculate the highest common divisor of s and g.
8
Let l = 18 + -12. Suppose -5*z = 5*y - l*z - 1535, z = -y + 313. Calculate the greatest common factor of y and 28.
28
Let q(o) = -2*o + 8. Let v be q(11). Let j = 38 + v. Suppose -4*x + x + 48 = 0. What is the highest common divisor of x and j?
8
Let p(l) = 38*l**2 + l - 4. Let w(f) = -19*f**2 - f + 2. Let h(d) = 3*p(d) + 5*w(d). Let z be h(2). What is the greatest common factor of z and 14?
14
Suppose -b - b + 24 = 0. Suppose -p + b = 3*p. Suppose 0 = -p*l + 78 - 18. What is the greatest common factor of l and 8?
4
Let a(x) = 106*x - 2. Let d be a(1). Calculate the highest common factor of d and 13.
13
Suppose 0 = -0*q + q - 140. Let u(d) = d + 19. Let k be u(9). Calculate the highest common factor of q and k.
28
Let u = -3 + 16. Let v(f) = -48*f - 3. Let z(d) = 48*d + 2. Let h(y) = 3*v(y) + 4*z(y). Let l be h(3). Calculate the greatest common factor of u and l.
13
Suppose -213 - 111 = 3*a. Let s be (1 - 3)/(8/a). Calculate the greatest common factor of 216 and s.
27
Suppose 2*t - x = 195, 7*t - 3*x = 4*t + 288. Let y(j) = j**2 + 3*j. Let w be y(-5). Let i be (-4)/w - (-47)/5. What is the greatest common divisor of t and i?
9
Let s(y) = y - 5. Let x be s(5). Suppose x = 4*r - 2*f - 70, 2*r - 5*f - 10 = 29. Suppose -r = -2*t + t. What is the greatest common divisor of t and 136?
17
Suppose 13*n - 544 = 1016. What is the greatest common divisor of 80 and n?
40
Suppose 0 = 2*g - 74 - 66. Suppose -58 = -t + 5*t - 2*u, 3*t = -4*u - 60. Let z = -9 - t. What is the greatest common factor of g and z?
7
Let s(w) = -w**3 - 4*w**2 - 2*w - 7. Let q be s(-6). Suppose 2*j - 1 = -2*f + 7, 0 = -f + 3*j + 16. Calculate the highest common divisor of q and f.
7
Suppose 2 + 10 = 4*w. Let y be 3*(-1)/2*-2. What is the greatest common factor of y and w?
3
Let h be (132/14)/(6/84). Calculate the greatest common factor of 44 and h.
44
Suppose 0*y + 68 = 2*y + 2*m, -5*m - 145 = -4*y. Suppose -3 - 2 = -k. Calculate the greatest common divisor of y and k.
5
Let o = -4 + 9. Suppose z = 2*g + 1, 30 = o*g + 2*z + 2*z. Calculate the highest common factor of g and 22.
2
Suppose -4*n = -0*n - 8. Suppose 2*j + 3*a + 3 = 5, -5*j + n*a = -43. What is the highest common divisor of j and 77?
7
Suppose 20 = 4*i + 4, -4*r - 4 = -i. Suppose -224 = -4*t + 4*b, 2*t + 0*t - b - 108 = r. What is the greatest common divisor of t and 13?
13
Suppose c - 6*c = -35. Suppose -4*z = z - 60. Let i be (-21)/z*4/(-1). Calculate the highest common factor of i and c.
7
Suppose w = -3*y + 283, -y + w = -0*y - 101. Let u = y + -67. What is the greatest common divisor of u and 203?
29
Let q be ((-4)/(-2))/(30/135). What is the highest common factor of q and 153?
9
Let b be (-5)/(4 + (-1)/2 + -4). Calculate the greatest common factor of 4 and b.
2
Let b(f) = f**3 - 14*f**2 + 7. Let z be b(14). Calculate the greatest common divisor of z and 7.
7
Suppose 0 = 5*n + 3*t - 75, 0 = -0*t + 4*t. Calculate the greatest common factor of n and 135.
15
Suppose 3*x + 0*x + 117 = 4*m, 2*m - x - 59 = 0. What is the highest common divisor of 6 and m?
6
Suppose -5*y - 10 = -10*y. Calculate the greatest common factor of 8 and y.
2
Let h = 32 - -11. Let z = 7 + h. What is the highest common divisor of z and 10?
10
Let o be (-6)/(-9)*(-516)/(-8). Calculate the highest common divisor of o and 344.
43
Let b be (-1 + 4 + 0)*-1. Let l = -4 - b. Let a be (-110)/(-12) + l/6. Calculate the highest common divisor of a and 27.
9
Suppose -5*d + 5 = -3*r - 0*d, -r + 5*d = 15. What is the greatest common factor of 5 and r?
5
Let o be 14/3*(-6)/(-4). What is the greatest common divisor of 56 and o?
7
Let s(i) = -i**2 + 9*i - 9. Let z(b) = -b + 6. Let d = 0 + 0. Let j be z(d). Let q be s(j). Calculate the greatest common divisor of 81 and q.
9
Let u be (-531)/(-12) + 4 + (-85)/20. What is the highest common factor of u and 308?
44
Suppose 0*c + 2*c = 44. Let j be 1940/c - 8/44. What is the greatest common factor of 22 and j?
22
Let c(a) = -3*a - 1. Let k be c(-2). Let y be (-35 - 0)/(2/(-6)). Suppose k*n + y = 490. What is the highest common divisor of 11 and n?
11
Let s = -19 + 48. Let g = 45 - s. Let l = -8 + g. Calculate the highest common factor of l and 16.
8
Let b(k) = -203*k + 5. Let a(n) = -711*n + 18. Let l(f) = -5*a(f) + 18*b(f). Let h be l(-1). What is the greatest common factor of 9 and h?
9
Let y(q) = 13*q**2 - q. Let t be y(-2). Suppose -2*r = -3*r + t. Calculate the greatest common divisor of r and 18.
18
Let p(o) = -21*o**3 + o**2 - 3*o**2 + o**2 + 3*o - 1 - 5*o. Let z be p(-1). What is the highest common divisor of z and 7?
7
Suppose -3*c + 60 = 3*g, -2*g + 39 = 4*c + 3. Let s be (-5 - 0)/((-4)/44). Calculate the highest common factor of g and s.
11
Let s(v) = v + 3. Let j = 7 - 4. Let m be s(j). Let t(g) = 36*g**2 + g - 1. Let l be t(1). What is the highest common factor of m and l?
6
Suppose 0 = -5*f + 3*g + 146, 2*f - 7*g - 66 = -2*g. Calculate the highest common divisor of 4 and f.
4
Let x = 2 - 3. Let t be 36*(0 - x)*3. Let n be 13/1 - (-1)/(-1). What is the highest common factor of t and n?
12
Suppose -v - 78 = -3*v. Let t = v + -23. Calculate the highest common divisor of t and 24.
8
Let a be 4/(11/((-231)/(-6))). What is the greatest common factor of a and 14?
14
Suppose -2*q - 60 = 2*q. Let i be -4*2*q/12. Calculate the highest common factor of i and 5.
5
Suppose 3*g - 51 = -2*o, -5*o + 0*o = -3*g - 117. Calculate the greatest common divisor of o and 36.
12
Let o(b) = b**3 - 10*b**2 + 11*b - 5. Let q be o(9). What is the highest common factor of 104 and q?
13
Let w be (-26)/(-1) - (-1 - 3). Calculate the greatest common divisor of w and 75.
15
Let p be (-1 + 2)*0*1. Let a = p + -7. Let s(h) = -14*h + 6. Let z be s(a). Calculate the highest common divisor of z and 13.
13
Suppose -4*a + 11 = -25. Let m be 2/a + 215/45. Suppose -2*x - x = 3*k - 189, 0 = m*x. What is the greatest common divisor of k and 9?
9
Let i(o) = -o + 13. Let b be i(6). Let k(u) = u + 9. Let a be k(-8). What is the highest common divi